 -h - 1. Let l = -17 + g. What is the remainder when l is divided by 2?
1
Let d be -9 + 3/(-3 - -6). Let a(p) = p**3 + 7*p**2 - 14*p - 5. Calculate the remainder when a(d) is divided by 22.
21
Let q(l) = -l**3 + 5*l**2 + 2*l + 9. What is the remainder when q(5) is divided by 7?
5
Let v(h) = h. Let m(u) = u**3 - 13*u**2 - 1. Let f(r) = -m(r) + 3*v(r). What is the remainder when f(13) is divided by 14?
12
Suppose 4*r - 34 = 2*r. Suppose 10*l - 11 = -l. Suppose 4*q + 0*m + 4 = -4*m, -3*m = 4*q - l. What is the remainder when r is divided by q?
1
Let d = -157 - -184. What is the remainder when d is divided by 9?
0
Let m = -90 + -36. Let l = m - -72. Calculate the remainder when 51 is divided by l/(-4) - (-2)/(-4).
12
Suppose 4*d - 20 = 3*s + 3, 3*d - 11 = -4*s. Suppose -4*k + 5*j = 3, -k + 2*k = d*j + 18. Calculate the remainder when -7*k/((-7)/(-4)) is divided by 6.
4
Let y(o) = -104*o - 212. What is the remainder when y(-7) is divided by 37?
35
Let h(i) = 2*i**2 - 5*i + 4. Let g be h(4). Let x = 20 - 33. Let p = g + x. Calculate the remainder when p is divided by 2.
1
Let u(d) = 13*d**3 - 4*d**2 - 8*d + 48. What is the remainder when u(3) is divided by 51?
33
Let c(a) = 7*a**2 - 2*a - 3. Let i(o) = 54*o**2 - o + 1. Let m be i(-1). Let b = 73 - m. What is the remainder when c(-3) is divided by b?
15
Let d(v) = v**3 - 10*v**2 + 12*v + 5. Let o be (54/(-12))/(2/(-4)). What is the remainder when 125 is divided by d(o)?
29
Let x(v) = 3*v**2 - 6*v**2 - v**2 - 4*v**3 - 2*v. Let k(p) = -64*p - 6. Calculate the remainder when k(-1) is divided by x(-2).
18
Let o = -7 - -16. What is the remainder when o is divided by 36/16*(-1 - 11/(-3))?
3
Let j = 4 - -4. Let i = -10 + 17. Suppose 0 = -4*z - 5*g - 5 - 3, 3*z + i = -4*g. What is the remainder when j is divided by z?
2
What is the remainder when 1951 is divided by -5 - (0/6 + -26)?
19
Suppose 46 + 337 = 3*d - 2*x, 2*x = -3*d + 367. Let g = -5151 + 5165. What is the remainder when d is divided by g?
13
Let k be 19/4 + 11/44. Suppose 4 + 6 = k*m. Suppose 3*n = m*n + 5. What is the remainder when 12 is divided by n?
2
Suppose 2*s = -4 + 24. Suppose 2*d + 148 = 4*k - 2*d, 3*d - 185 = -5*k. What is the remainder when k is divided by s?
7
Suppose 1854*y = 1846*y + 1872. What is the remainder when y is divided by 99?
36
Suppose -k = -h - 2*h - 86, k - 76 = h. What is the remainder when k is divided by 6?
5
Calculate the remainder when (0 - 0)/(-1) - (-193 + 64) is divided by 208/6 - 4/6.
27
Suppose -6*f + 67 + 143 = 0. Calculate the remainder when 105 is divided by f.
0
Suppose 55 = j - 22. Suppose -2*o + j = -9. What is the remainder when 214 is divided by o?
42
Suppose -296 = -4*t + 4*d, -5*t = -d - 281 - 85. Calculate the remainder when t is divided by 37.
36
What is the remainder when ((-8)/16)/(3/(-15))*38 is divided by 6?
5
Let u(y) = y**3 - 4*y**2 + 3*y - 6. What is the remainder when u(5) is divided by (5/((-10)/14))/(-1)?
6
Let y = 26 - 18. Let q(w) = 3*w**2 + 3*w + 2. Let m = -12 - -14. Calculate the remainder when q(m) is divided by y.
4
Suppose 3*v = 4*z - 26, -2*z - 2*v + 1 = -z. Suppose -z*g = -89 - 101. What is the remainder when g is divided by 7?
3
Let v(p) = -5*p + p**2 - 7*p - 4*p**2 + 11 - 5*p. Calculate the remainder when 28 is divided by v(-6).
3
Suppose -72*i - 1440 = -81*i. What is the remainder when i is divided by 17?
7
Suppose -4*x + 2*c = -34, -65*x + 62*x = c - 13. Let a(v) = -7*v + 1. Calculate the remainder when a(-2) is divided by x.
3
Let o = 270 - 221. What is the remainder when 437 is divided by o?
45
Suppose -c + 42 = -3*c. Calculate the remainder when 149 is divided by 1*42 + 84/c.
35
Let r(g) = g + 4. Let t be r(0). Let x be 25/t + (-1)/4. Suppose 4*u + 3*y = 20, -x*y - 44 = -3*u - y. What is the remainder when 15 is divided by u?
7
Suppose q + 10 = 39. Suppose -88 = -2*p + 8. Suppose 3*v - p = -3*f, v - 8 = -4*f + 11. Calculate the remainder when q is divided by v.
14
Let v be (-119730)/(-180) + 1/(-6). Let t = v - 384. What is the remainder when t is divided by 47?
46
Let z(b) = b + 10. Let r be z(-7). Let g(i) = -i**r - 4*i - 5*i**2 + i + 2*i. What is the remainder when g(-6) is divided by 22?
20
Suppose 0 = 4*c + 4*l - 216, 4*c - 152 = c + 2*l. Suppose 58*h + 57*h = 38*h + 7854. Calculate the remainder when h is divided by c.
50
What is the remainder when 164 is divided by (-4)/6 + 2660/210?
8
Let v(q) = -q**3 - 13*q**2 + 13*q + 12. What is the remainder when 128 is divided by v(-14)?
24
What is the remainder when 246 is divided by (3 - 21/6)/(21/(-2100))?
46
Suppose c + 485 = 549. Calculate the remainder when c is divided by 17.
13
Let u(f) = -f**3 - 11*f**2 - 21*f - 7. What is the remainder when 118 is divided by u(-9)?
18
Let f = -120 + 124. What is the remainder when 51 is divided by 74/4 + (-5)/40*f?
15
Calculate the remainder when (-1653)/(-57) - (-1)/(2/(-4)) is divided by 10.
7
Let f be -2*(0 + -1) + -53. Calculate the remainder when 100 is divided by (17/f)/((-2)/204).
32
Let s(q) = 10*q - 26. What is the remainder when 27 is divided by s(4)?
13
Let s(q) = -q - 1. Let g(m) = 9*m + 5. Let f(l) = -g(l) - 6*s(l). Let n be f(-3). Suppose -5*t + n = -135. What is the remainder when t is divided by 15?
14
Let o(r) = 2*r**2 + r + 1. Let p = -25 - -26. Let x be o(p). Calculate the remainder when 30 is divided by (x/2)/(4/32).
14
Let d(m) = 11*m**3 + m**2 - 7*m + 1. Let h be d(4). What is the remainder when ((-2)/3*5)/((-33)/h) is divided by 12?
10
Let s = 209 - 150. What is the remainder when 182 is divided by s?
5
Suppose 77 = -w - 2*o + 86, 33 = w - 4*o. Calculate the remainder when 237 is divided by w.
16
Let s(t) be the second derivative of t**5/20 + 7*t**4/12 + t**3/2 - 8*t**2 + 8*t. Let n(z) = -7*z + 2. What is the remainder when n(-5) is divided by s(-5)?
18
Suppose -m + 28 = 2*q, 74 = 3*m - m - 2*q. Calculate the remainder when 225 is divided by m.
21
Suppose -2*o = -3*q + 6 - 0, 4*q + 3*o = 8. Calculate the remainder when 8 is divided by ((-10)/3)/q*-3.
3
Let p = 56 + -52. Suppose -p*g + 60 = g. Calculate the remainder when g is divided by 7.
5
Let t be 9*(1316/(-12))/7. Let c be (-1)/(-8) - t/24. What is the remainder when c/(-15)*(-225)/3 is divided by 16?
14
What is the remainder when ((-650)/(-39))/25 - 853/(-3) is divided by 6?
3
Let s = 10 + 15. Let k = -12 + s. Calculate the remainder when 23 is divided by k.
10
Let s(b) = -b**3 + 14*b**2 - 14*b + 14. Let r be s(13). Let l = 63 - 29. Calculate the remainder when l is divided by (-60)/(-5) - (r - -2).
7
Suppose -4*i - 4*t + 300 = 0, 4*i - 3*t = 153 + 175. What is the remainder when i is divided by 21?
16
Let k = 260 - 172. Suppose -3*n - 449 = a - 464, 0 = -3*a + 5*n + 45. Calculate the remainder when k is divided by a.
13
Suppose -7 = -2*x + 21. Suppose 2*n + 3 - 21 = 0. Calculate the remainder when x is divided by n.
5
Suppose q = i + 15, -q - 2*i + 35 = 11. What is the remainder when q is divided by 14?
4
Let g(r) = -5*r + 3. Let i be g(2). Let u = i + 11. Let m = 4545 + -4539. What is the remainder when m is divided by u?
2
Let m = 948 - 935. Calculate the remainder when 77 is divided by m.
12
Let y(a) = -61*a - 56. Calculate the remainder when y(-2) is divided by 18.
12
Suppose 3*m - 5*u = 80 + 267, 4*u - 127 = -m. What is the remainder when m is divided by 38?
5
Suppose 0 = -5*q - 10, 2*r - 6*r + q = -250. What is the remainder when 1052 is divided by r?
60
Let q(o) = -o**2 + 1. Let n(m) = -3*m**2 + 4*m + 1. Let p(i) = n(i) - 4*q(i). What is the remainder when p(5) is divided by (0 + (-1)/1)*-22?
20
Calculate the remainder when 210 is divided by (136/(-85))/((-2)/95).
58
Let z(n) = -21*n. Let q be z(-2). Let h = 74 - q. Suppose -h = -2*k + 5*o, 5*k - 4*o - 42 = -o. What is the remainder when 17 is divided by k?
5
Let o(w) = 2*w - 24. Let s = -171 - -86. Let t = -46 - s. What is the remainder when t is divided by o(17)?
9
Suppose -3*q = y + 3*y - 102, -4*q + 104 = 4*y. Let o = -15 + y. Suppose -24 = 4*k + c - 88, -5*k - 5*c = -65. What is the remainder when k is divided by o?
8
Suppose o = -2*o - 6. Let p = 17 + o. Calculate the remainder when p is divided by 6.
3
Let f = -13 + 20. Suppose 0 = -5*n - 5*i + 165, -n = 2*n - i - 95. Calculate the remainder when n is divided by f.
4
Suppose 7*n + 0*n 